 of 60/f + (-9174)/(-10)?
8
Let d = -55 + 55. Suppose 2*c = 7*u - 3*u - 502, -3*u + 2*c + 375 = d. Let f = 211 - u. What is the tens digit of f?
8
Suppose -4*o = -3*n + 296, n + 3*o - o = 112. Suppose 102*z - n*z + 674 = 0. What is the units digit of z?
7
What is the hundreds digit of -89 + 75 + (-17145)/(-3)?
7
Let o(a) = -2*a - 11. Let u be o(-7). Suppose 12 = u*h - 12. What is the units digit of ((-8)/(-12))/((-2)/(-12))*h?
2
Let d(x) = 524*x**3 - 3*x**2 + 6*x - 3. Let v be d(1). Suppose 754 = 6*r - v. What is the tens digit of r?
1
Let f(i) = -78*i + 1. Let m be f(6). Let w = m - -731. What is the tens digit of w?
6
Let n = -4379 - -6053. What is the thousands digit of n?
1
Let p = -136 + 79. Let m be -2 + (-10)/(-6) - (-9386)/p. Let r = 319 + m. What is the tens digit of r?
5
Let n(d) = -1035*d - 1110. What is the thousands digit of n(-7)?
6
Suppose 0 = -s - 3*h - 45, 39*s - 41*s - 106 = -2*h. Let u = s - -603. What is the units digit of u?
2
Let a be 8 + 1/4 + (-27)/12. Let d = -2670 + 1698. What is the units digit of d/6*(-3)/a?
1
Suppose -7*j - 4*w + 10 = -2*j, 5*w + 4 = 2*j. Suppose j*n = -2*n. Suppose 66 - 360 = -3*y + 3*v, n = -4*y + 5*v + 389. What is the tens digit of y?
0
Let i be (5256/32)/(3/136). Suppose -18*v + i = -v. What is the tens digit of v?
3
Let b(w) = -61*w + 58. Let z = 181 + -189. What is the tens digit of b(z)?
4
What is the units digit of 3/12 - 44/48 - 1919203/(-429)?
3
Let c = 46514 - 20515. What is the hundreds digit of c?
9
Let k be (9 - 2)*(2 - 20/(-14)). Let r = k - 19. Suppose 189 = r*d - 2*d - 3*o, o = -5*d + 303. What is the units digit of d?
1
Let n(p) = 125*p + 704. What is the hundreds digit of n(34)?
9
Let d = 116 - 84. What is the hundreds digit of (d/(-10))/(2/(-425))?
6
Suppose -c - 4*l + 74 = 0, 9*c - 338 = 5*c - 2*l. Suppose 0 = -c*n + 95*n - 1485. What is the hundreds digit of n?
1
Let f(s) be the second derivative of -s**5/20 + 7*s**4/4 + s**3/3 - 19*s**2 - 29*s + 4. What is the units digit of f(20)?
2
Let h = 177 + -408. What is the units digit of 4/7 + 1067/h*-117?
1
Suppose -8465 = -27*v + 643369. What is the ten thousands digit of v?
2
Let n(w) = 62*w**2 - 190*w + 13. What is the tens digit of n(9)?
2
Let a(q) = q + 15. Let u be a(-15). Suppose 24*l - 15269 - 6739 = u. What is the tens digit of l?
1
Suppose -5*g + 4*b = -0*g - 210, -b + 168 = 4*g. Suppose -14 - g = -r. Let j = -38 + r. What is the units digit of j?
8
Let l(p) = 115*p**2 - 11*p - 10. Let n be l(-1). What is the units digit of 7*(n/28 + -1)?
2
What is the hundreds digit of ((-28676)/6)/((-40)/60)?
1
Let q(z) = -1239*z - 1306. What is the ten thousands digit of q(-14)?
1
Suppose -4*g = -9 + 37. Let x(f) = -11*f - 5. Let v be x(g). Suppose -2*j - v = -3*d + 326, -3*j = 3. What is the tens digit of d?
3
Suppose l - 1697 = -4*c, -c - 5*l - 69 + 498 = 0. Let j = -1535 - -1537. Suppose 4*x - 1193 = j*o - 345, -2*x - 4*o = -c. What is the tens digit of x?
1
Let y(v) = 3*v**2 + 36*v - 24. Let i be y(14). Suppose 51*x + i = 55*x. What is the hundreds digit of x?
2
Suppose -29*o + 5 = -24*o. What is the units digit of o*2 - 4*(-2299)/22?
0
Suppose -6*g - 560 = 238. Let s = 97 - g. What is the tens digit of s?
3
Suppose -3*m = m + 2*g - 12646, -m - 3*g + 3174 = 0. Suppose -80*r + 71*r = -m. What is the units digit of r?
1
Let k(u) = u**3 + 3*u**2 - 11*u - 2. Let g be k(-5). Suppose 4*c - 859 = -g*q + 4*q, -c = q - 211. What is the hundreds digit of c?
2
Let a(h) = -5*h - 27. Let t be a(-6). Let q be (t*1)/(-6*(-1)/4). Suppose q*b + 0*b = -5*i + 233, 3*i - 573 = -5*b. What is the hundreds digit of b?
1
Suppose 60*s - 98 = 82. Suppose 0 = 3*g - l - l - 283, -5*g = -l - 460. Suppose h - 93 = -s*a, -3*a - a + g = h. What is the tens digit of h?
9
Let g = 321 - 273. What is the units digit of (g + 12)*(-114)/(-9)?
0
Suppose -p - 220 = -2*n - 2858, 0 = -p + n + 2643. What is the units digit of p?
8
Suppose 0 = 5*h - 4*m, 0 = h - 6*h - m. Suppose -y = -5*n + 4 + 4, 4*n = h. Let c(a) = a**2 + 8*a + 7. What is the units digit of c(y)?
7
Let x = 179 + -139. What is the hundreds digit of (-6144)/(-20) + 32/x?
3
Suppose -m = -435 + 24. Suppose -3681 = -15*z - m. What is the units digit of z?
8
Suppose 0 = l - 2*m - 11, -6*l = -11*l - 3*m + 3. What is the hundreds digit of l + 1 - 4250/(-5)?
8
Let b(r) = 5*r - 2. Let t(z) = 6*z - 1. Suppose -22 = 12*g + 50. Let c(y) = g*t(y) + 5*b(y). What is the units digit of c(-6)?
2
Let p(s) = 476*s - 13. Let i be p(3). Suppose 0 = -3*o - 2*o + i. What is the hundreds digit of o?
2
Let h(t) = 100*t - 1415. What is the tens digit of h(79)?
8
Let u(t) = t**2 + 17*t + 34. Let b be u(-15). Suppose -295 = 4*i + 3*y - 938, 0 = -b*i + y + 623. What is the units digit of i?
7
Suppose 4*g - z = 12698, -4*z + 3155 = g - z. What is the thousands digit of g?
3
Suppose 4*r = 5*r + 1, 0 = b + 3*r - 196. What is the units digit of b/(((-75)/(-20))/15)?
6
Suppose -5*g - 3*d - 6954 = 0, 3*g + 2*d + 2532 + 1641 = 0. Let p = 2391 + g. What is the hundreds digit of p?
0
Let c be 9/(-3)*-1*(-4 + 5). Suppose 0 = -c*n + 2*n + 9. What is the units digit of (-2222)/(-10) - n/45?
2
Let c be ((-24)/1)/4 - (-1 - 8). Suppose 5*r + 3*s - 1105 = -98, 601 = c*r + 5*s. What is the units digit of r?
2
Suppose 21*w + 3 - 45 = 0. Suppose 5*v - 2 = -w*x + 28, -4*v = 5*x - 92. What is the tens digit of x?
2
Suppose j = -319 - 137. Let k = 738 + j. What is the hundreds digit of k?
2
Let m = 38 + -34. Suppose -6*u + 520 = m*u. Suppose u - 414 = -2*v. What is the tens digit of v?
8
Suppose 4*l + 2*s - 77478 + 642 = 0, 5*s = -2*l + 38426. What is the thousands digit of l?
9
Let o(m) = 2*m**3 + 5*m**2 + 12*m + 4. Let t be o(13). Suppose t = 18*b - 2683. What is the hundreds digit of b?
4
Suppose 0 = -69*b - 54*b - 7*b + 3313050. What is the units digit of b?
5
Let l(t) = 43*t + 12. Let d be l(9). Suppose 3*z + v = 1177, -9*v + 6*v - d = -z. What is the hundreds digit of z?
3
What is the hundreds digit of -166*263*(((-18)/6)/6)/1?
8
Let l(w) = -38480*w**3 - 46*w**2 - 46*w + 1. What is the units digit of l(-1)?
1
Let w(u) = 27*u + 15. Let j = 78 - 59. What is the hundreds digit of w(j)?
5
Let n(f) = f**3 - 34*f**2 + 38*f + 94. What is the units digit of n(36)?
4
Let w(f) = -f + 46. Let m be w(9). Suppose -34*n - 811 = -m*n - a, -a + 1349 = 5*n. What is the units digit of n?
9
Let m = 112 + -88. Suppose -7*v - 5066 = -m*v. Let u = -26 + v. What is the tens digit of u?
7
What is the hundreds digit of (-44312)/(-10) + ((-288)/(-80))/(-18)?
4
Suppose -s = -59*s - 52*s + 1143780. What is the hundreds digit of s?
3
Let y(p) = -p**3 + 9*p**2 - 4*p. Suppose 4*a + 1 = 21. Let s be y(a). Suppose 0*w = -2*w + s. What is the tens digit of w?
4
Let q(v) = -7*v**2 + 1. Let l be q(-2). What is the units digit of (77/(-33))/(1/l) + 4?
7
Let i(d) = -d + 1. Let u be i(-9). Suppose 15*n + 415 = u*n. Let m = -60 - n. What is the units digit of m?
3
Let u(a) = -3*a + 12. Let b be u(0). Suppose 15*k + 45 = b*k. What is the tens digit of ((-12)/k + -2)*390/(-9)?
5
Suppose -920 = 5*o - 100. Let q = o - -248. Suppose q = -3*v + 354. What is the tens digit of v?
9
Let f(n) = -8*n**3 - 2*n**2. Suppose 3*k + 4*i = 78, -3*i + 4*i = -5*k + 113. Suppose -23*u - 2 = -k*u. What is the units digit of f(u)?
6
Let z(g) = -477*g - 327. What is the hundreds digit of z(-2)?
6
Suppose 22*z - 18*z + 816 = 0. Let s = z + 137. Let f = s + 149. What is the tens digit of f?
8
Let b(h) = 15*h + 272. Let i be b(-18). Suppose -4*s + 7*s = -i*g + 24, -3*g = s - 22. What is the units digit of g?
6
Let q be 943/123 - (4/6 - 0). Suppose q*y - 618 = y. Let i = 81 + y. What is the tens digit of i?
8
Let k(a) = -114 + 2*a + 3*a**2 + 100 - 5*a. What is the hundreds digit of k(-8)?
2
Let p(n) = -n**3 - 27*n**2 + 3*n + 19. Let u be (-14*(-11)/(-44))/((-2)/(-16)). What is the units digit of p(u)?
9
Suppose 6*u - 7*u = -19. Let t = u + -12. Suppose t*f = 8*f - 26. What is the units digit of f?
6
Suppose 0 = -2*t - 13*t + 45. What is the hundreds digit of 1/(t/1026) + -8 + 7?
3
Let d be -19*(3 + (-2)/1). Let l(y) = y**2 + 13*y + 37. What is the tens digit of l(d)?
5
Suppose 3*d - 151 = -4*m, 0 = -4*d + d - 9. Suppose 0 = 2*w - m - 286. Suppose -3*f = -4*f + w. What is the units digit of f?
3
Let n(b) = 3193*b 